 - 101110000101110?
-101110000101011
In base 8, what is -31224 - -2?
-31222
In base 2, what is 11100010 - 100000?
11000010
In base 9, what is -888 - -1?
-887
In base 9, what is 1 - 32354?
-32353
In base 9, what is -31110 - 1?
-31111
In base 5, what is 102320244 + -10?
102320234
In base 14, what is 1 + -3ca27?
-3ca26
In base 7, what is -1463121 - 6?
-1463130
In base 8, what is -1125162 - -7?
-1125153
In base 8, what is -773 + 4331?
3336
In base 11, what is -202a + -17?
-2046
In base 12, what is 3 - -21b08?
21b0b
In base 6, what is -215255 - -131?
-215124
In base 4, what is 101200 + 10?
101210
In base 8, what is 4506123 - 2?
4506121
In base 3, what is -2012222 - 100021?
-2120020
In base 15, what is 14c2 + -19d?
1324
In base 6, what is -3145 - 300?
-3445
In base 2, what is 10001001010 - -11001000?
10100010010
In base 3, what is -1201 - 2102200221?
-2102202122
In base 9, what is -20 + 2252?
2232
In base 13, what is 5c3 + 9?
5cc
In base 14, what is -1 - -6b7?
6b6
In base 2, what is -11110000001 + 1111?
-11101110010
In base 6, what is 1013202 - -4?
1013210
In base 16, what is -9ce10 - 4?
-9ce14
In base 7, what is -11013 - -16?
-10664
In base 12, what is -117 + -822?
-939
In base 6, what is -2 + -2431?
-2433
In base 14, what is -5 + -12da3?
-12da8
In base 8, what is -1175 + -6?
-1203
In base 6, what is -4 + -1140322?
-1140330
In base 10, what is -109120 + 32?
-109088
In base 3, what is -2120 + 201210011?
201200121
In base 13, what is -4 - 67c86?
-67c8a
In base 8, what is -170261 - -3?
-170256
In base 16, what is -16d138 - 0?
-16d138
In base 14, what is 5 + 1698?
169d
In base 5, what is 3 - -1001242?
1001300
In base 6, what is -1 + -23104433?
-23104434
In base 16, what is -2e31 - 1d?
-2e4e
In base 3, what is -20010111222 - -12?
-20010111210
In base 9, what is 13 + 1563?
1576
In base 13, what is 1179569 - 3?
1179566
In base 3, what is -20021200 + 12201?
-20001222
In base 6, what is -112135 - -3?
-112132
In base 7, what is 324 - 1621?
-1264
In base 7, what is 2412 - 2041?
341
In base 2, what is 11010011 + 111001001000?
111100011011
In base 7, what is 206030 + -166?
205531
In base 15, what is -1 - -11077?
11076
In base 15, what is -234de - -5?
-234d9
In base 8, what is 1040 + -142?
676
In base 15, what is -2b81 - 2be?
-2e50
In base 14, what is -8 - 28591?
-28599
In base 3, what is -212 - -2110112?
2102200
In base 8, what is -13624 - 115?
-13741
In base 16, what is -b + -3258?
-3263
In base 3, what is -10211002010 - -12?
-10211001221
In base 11, what is 20a21 + -2?
20a1a
In base 7, what is 2 - 1343545?
-1343543
In base 7, what is -5 - 111423?
-111431
In base 7, what is 3 + 52615?
52621
In base 5, what is 10 + -31431?
-31421
In base 3, what is 1001211102220 - 10?
1001211102210
In base 15, what is 69 + -34c?
-2d3
In base 10, what is 1 + 1724743?
1724744
In base 12, what is -5618a - 3?
-56191
In base 3, what is -1120111 - -1200?
-1111211
In base 8, what is -67537 - 13?
-67552
In base 16, what is 22a - 76?
1b4
In base 5, what is -22 - 3314134?
-3314211
In base 13, what is 819 - -a?
826
In base 6, what is -14210002 + 4?
-14205554
In base 10, what is -185 + -517?
-702
In base 7, what is -1325 + -35246?
-36604
In base 4, what is -1112331 - -20002?
-1032323
In base 2, what is 1110011111111101 - 10?
1110011111111011
In base 10, what is 34963 - 1?
34962
In base 14, what is 2187 - -34?
21bb
In base 12, what is 291 + -124?
169
In base 7, what is 5 - -1120460?
1120465
In base 4, what is 0 + -1202100302?
-1202100302
In base 6, what is 10 - -155221?
155231
In base 9, what is 2 - 25421?
-25418
In base 15, what is 304 - 294?
60
In base 2, what is -11111101110 - -10?
-11111101100
In base 13, what is -4070 + -274?
-4314
In base 13, what is -6 - -6137?
6131
In base 15, what is -a8b - -29c?
-7de
In base 6, what is 10351 + -44?
10303
In base 10, what is 9927 + 0?
9927
In base 15, what is -a - -57470?
57465
In base 3, what is 11 + -2101021211?
-2101021200
In base 5, what is -2011 + -210?
-2221
In base 11, what is 4 - 136a?
-1366
In base 9, what is 1003 + 24?
1027
In base 7, what is -3043 - -30?
-3013
In base 7, what is 3 + -4500406?
-4500403
In base 9, what is 32 + -2023?
-1881
In base 13, what is -93 - 245?
-308
In base 10, what is 40109 - 1?
40108
In base 8, what is -157 + 4773?
4614
In base 5, what is -2232113 + -1?
-2232114
In base 16, what is -1 - 1595?
-1596
In base 16, what is 214 - -bad?
dc1
In base 10, what is 5 + 135?
140
In base 13, what is -5172 + -1?
-5173
In base 2, what is -101000111011000 + 11000?
-101000111000000
In base 8, what is 535330 - 4?
535324
In base 12, what is -34a279 - 0?
-34a279
In base 14, what is 37c8 - 12?
37b6
In base 14, what is -17c83 - b?
-17c90
In base 3, what is -22202200001 - 12?
-22202200020
In base 16, what is 41e8 - 3?
41e5
In base 6, what is 1111 - -4?
1115
In base 2, what is -10100001010 - 10001001101?
-100101010111
In base 2, what is 11100 - -11110011001010?
11110011100110
In base 4, what is -323332 - -300?
-323032
In base 8, what is 202 + 6?
210
In base 6, what is 12 - 403544?
-403532
In base 3, what is 121212011 + -2?
121212002
In base 14, what is 735 - 1d3?
542
In base 2, what is 100100011010111111010 - 1?
100100011010111111001
In base 15, what is ee3 - 0?
ee3
In base 2, what is -11001011010 + 10?
-11001011000
In base 2, what is 100010111 + -1001101101?
-101010110
In base 12, what is 48b - -164?
633
In base 15, what is -86a - 2a7?
-b22
In base 7, what is -141463 - 2?
-141465
In base 3, what is 201002 + 122221110?
200122112
In base 4, what is -12212121 - -30?
-12212031
In base 8, what is -5 + 314012?
314005
In base 5, what is -2100 - -3?
-2042
In base 2, what is -11100 - 11111111011?
-100000010111
In base 15, what is e62 + -e1?
d71
In base 3, what is 10110120 - 10?
10110110
In base 16, what is -3189 + 4?
-3185
In base 13, what is -3 + -1664?
-1667
In base 10, what is -4 + 1032180?
1032176
In base 11, what is 412955 - 5?
412950
In base 5, what is -24 + -23310213?
-23310242
In base 6, what is -153354 - 131?
-153525
In base 11, what is 60a7 + 20?
6117
In base 14, what is -60bd4 + 0?
-60bd4
In base 12, what is 24 + -840?
-818
In base 2, what is 11101 - 11110?
-1
In base 10, what is -1919 + 33?
-1886
In base 14, what is 6a8 - -29?
6d3
In base 6, what is 5 + -4325453?
-4325444
In base 15, what is -881e - -5?
-8819
In base 14, what is -30191 - 2?
-30193
In base 4, what is 10310 + -30323?
-20013
In base 8, what is -5 - 15023?
-15030
In base 6, what is -11520 + -13?
-11533
In base 4, what is 32 - -30202200?
30202232
In base 16, what is 491b8 + -3?
491b5
In base 15, what is -58 - 2a89?
-2ae2
In base 16, what is -2 + -f796?
-f798
In base 10, what is 33 + 12811?
12844
In base 2, what is -11011101011101 + 100?
-11011101011001
In base 4, what is 1331201 - -11031?
2002232
In base 10, what is 320843 + -6?
320837
In base 14, what is 6 + 2a54?
2a5a
In base 16, what is 2a139 - -5?
2a13e
In base 3, what is -1101001112000 - 1?
-1101001112001
In base 10, what is -5 + -379887?
-379892
In base 7, what is -2521 - -6211?
3360
In base 11, what is -607 + -27?
-633
In base 6, what is 144 + 202311?
202455
In base 3, what is -21211012 - -120100?
-21020212
In base 5, what is -34132 - 24?
-34211
In base 12, what is -4 - 7a91?
-7a95
In base 5, what is 20333 - -2104?
22442
In base 3, what is 10212 + -1211012?
-1200100
In base 14, what is -1c5c304 - -4?
-1c5c300
In base 3, what is -21221000 + -1?
-21221001
In base 16, what is -7 + -39fcc?
-39fd3
In base 6, what is 25105512 - 5?
25105503
In base 11, what is 13 + -7a2?
-78a
In base 14, what is -1 + -23?
-24
In base 2, what is -10010100100001 + 110?
-10010100011011
In base 6, what is -104054341 - -3?
-104054334
In base 2, what is -11010 + 110001110?
101110100
In base 11, what is -1 - 5264?
-5265
In base 7, what is -3 - -334331?
334325
In base 16, what is -3 - 15186?
-15189
In base 12, what is 2126a - 7?
21263
In base 2, what is -11010111100 - 10001?
-11011001101
In base 6, what is 244 + 35330?
40014
In base 6, what is -45453 - -2551?
-42502
In base 5, what is -3 - 44322202?
-44322210
In base 6, what is 0 + -13141104?
-13141104
In base 9, what is -111 - -10377?
10266
In base 7, what is 511 + -3?
505
In base 9, what is -1050003 - -3?
-1050000
In base 9, what is 33 + 1244?
1277
In base 8, what is -1 + -30755?
-30756
I